be the second derivative of -y**3/6 + 5*y**2/2 + 11*y. Let s be 2/(9/(-6) + 2). What is k(s)?
1
Let a(v) = -v**2 - 2*v - 6. Let g = 28 - 45. Let i = g - -13. Determine a(i).
-14
Let j(q) = q**3 - 6*q**2 - 2*q + 7. Let w be j(6). Let i(d) be the first derivative of -d**4/4 - 5*d**3/3 - 4*d - 1. Calculate i(w).
-4
Let n(z) be the second derivative of 1/6*z**3 - z**2 - 7*z + 0. Give n(0).
-2
Let l(f) = 3*f**3 - f**2 + 4. Let s(o) = 4*o**3 - o + 5. Let c(u) = -3*l(u) + 2*s(u). Suppose -21 = -5*x - 11. Determine c(x).
-2
Let d(o) be the third derivative of -5*o**4/24 + o**3/6 + 20*o**2. Determine d(-2).
11
Let i = -38 - -36. Let f(c) = 2*c + 6. Let q(o) = -2*o + 5. Let g(m) = -m. Let w(j) = 4*g(j) - q(j). Let l(p) = -4*f(p) - 5*w(p). Determine l(i).
-3
Let r be (-3)/(-2) + (-18)/(-4). Let v(g) be the second derivative of -g**5/20 + 5*g**4/12 + 7*g**3/6 - 5*g**2/2 + 2*g. What is v(r)?
1
Let p(w) = -w - 9. Let x = -15 + 24. Let j(f) = f - 1. Let n be j(x). Let r = 2 - n. What is p(r)?
-3
Suppose -18 = -5*v - 2*f, -11 = -3*v - 5*f + 15. Let t(m) = m - 1. Calculate t(v).
1
Suppose -2*u - 5 = -3*n + 6, -5*n + 29 = 2*u. Let b(l) = -l**3 + 2*l**2 - 2*l. Give b(u).
-4
Suppose 4*t + 4 = 28. Let r(z) = z**3 - 6*z**2 + 2*z - 4. Determine r(t).
8
Let r = 27 - 22. Let p(k) be the second derivative of 2*k - 1/20*k**r + 0 + 1/3*k**4 - 2*k**2 + 1/6*k**3. Calculate p(4).
0
Let x = -5 - -8. Suppose x*y = -0*y - 18. Let l(z) = 3*z + 5. Calculate l(y).
-13
Let y(m) = -m**2 + 3*m + 4. Let s = 159 - 156. Give y(s).
4
Let j be 4/(-6) - 17/(-3). Let q(m) be the second derivative of m**4/12 - 2*m**3/3 - 7*m**2/2 - 17*m - 1. Give q(j).
-2
Let o(r) = -r**2 + 2*r - 1. Suppose -a - 15 = -4*l, l + l + a - 9 = 0. Suppose l = 2*c - 4*c. Give o(c).
-9
Suppose -5*t + t = -4. Let q(o) = 2*o + 1 + 2*o + 0*o. What is q(t)?
5
Let l(g) = g + 2. Suppose 2*f = -4*m - 0 - 16, -4*f + 10 = m. What is l(m)?
-4
Let w(s) = s**3 + 5*s - 2. Let t(i) = -2*i**3 - i**2 - 11*i + 4. Let f(j) = -2*t(j) - 5*w(j). Determine f(2).
-4
Suppose 4*z + 2 + 2 = 0. Let k(c) = c + 7. Let p be k(-6). Let n(r) = p - 5*r**2 + r + r + 6*r**2. Give n(z).
0
Let y(f) = -f**3 + 5*f**2 - 5. Let r = -20 + 25. Determine y(r).
-5
Let c(u) be the second derivative of u**5/60 - 3*u**4/8 + 5*u**3/6 + 2*u. Let m(p) be the second derivative of c(p). Give m(6).
3
Let l be ((-4)/(-10))/(76/475). Let p(n) be the first derivative of 1 - 4*n - l*n**2 + 1/3*n**3. What is p(5)?
-4
Suppose 0 = 4*l - 0*l + 8. Let g(h) = h**3 - h**2 - 2*h. Give g(l).
-8
Let t(w) be the first derivative of -w**4/4 + 3*w**3 + w**2 - 10*w - 35. Give t(9).
8
Let v(l) = -20*l**3 - l**2 - l + 1. Let k = 16 - 15. Determine v(k).
-21
Let h(q) = 6*q**2 - 4*q - 14. Let k(s) = -7*s**2 + 5*s + 15. Let t(r) = -6*h(r) - 5*k(r). Give t(0).
9
Let f(q) = -q**2 - 3*q + 2. Suppose 0 = -2*c + 6*c + 8. Let v = 0 + c. Determine f(v).
4
Let x(a) = -a**3 - 4*a**2 - 2*a - 4. Let b be x(-4). Let j(d) = -1 + d - 2*d**2 + d - b*d. What is j(-2)?
-5
Let s(q) = -2*q + 1. Let z(k) = 15*k. Let w be z(3). Suppose 4*l - w = -l. Suppose -3*c = 0, 0 = -3*d - 2*c - l. What is s(d)?
7
Let k = 20 + -13. Let o(x) = k + x + 0 + 1. Determine o(-6).
2
Let u(o) be the first derivative of -o**3/3 - 2*o**2 + 2*o + 28. Suppose 4*r - 36 = r. Suppose -r = 3*l - 0*l. Determine u(l).
2
Let s(q) = -q**3 + q**2 + 3*q + 2. Let m be ((-2)/(-5))/((-4)/(-20)). Suppose -m*w = -8, -2*r + w + 11 = 3*r. Give s(r).
-7
Let f(t) = -t**3 + 8*t**2 + 8*t - 10. Suppose 13*p - 28 = 89. Calculate f(p).
-19
Let l = 18 + -16. Let p(g) be the second derivative of 7*g**6/720 - g**5/40 - g**4/12 + g. Let o(w) be the third derivative of p(w). Give o(l).
11
Let a(j) = j**2 + 6*j - 6. Let p(r) = r**2 + 4*r - 1. Let i be p(-2). Calculate a(i).
-11
Let p(b) = -4*b**3 + 10*b**2 - 5*b + 12. Let i(s) = 7*s**3 - 19*s**2 + 9*s - 23. Let f(h) = -3*i(h) - 5*p(h). Calculate f(7).
-5
Let h(c) = 2*c + 0*c - c + 5. Calculate h(4).
9
Let f(o) = 6*o + 676 - 341 + o**2 - 338. What is f(-6)?
-3
Suppose 0*u = -5*u. Let w(a) = a**2 + 1. Let j be w(2). Let y(p) = 1 + 1 - p + j. Calculate y(u).
7
Let d(f) be the first derivative of -f**4/4 - 5*f**3/3 + 7*f**2/2 - 2*f - 14. Determine d(-6).
-8
Let q = -5 - -7. Let v(r) = 2*r**2 + 10*r - 3 - 4*r + 0*r**2 - 3*r**2. What is v(q)?
5
Let m(x) = -2*x. Suppose -4*t = -3*t - 1. Give m(t).
-2
Let o(v) = -5*v - 1. Let l(p) = -10*p - 2. Let z(d) = -3*l(d) + 5*o(d). What is z(-1)?
-4
Let s(p) = 2*p**2 - 5*p + 4. Let i = -3 + 0. Suppose -2*t - 2*f = 6, -33 = 3*t - 3*f - 6. Let j = i - t. Give s(j).
7
Suppose -a = 1 - 2. Let z(h) = -3*h + 4*h + 7 - a. Calculate z(0).
6
Suppose 17 = -2*p - 5*j, -4*p + 3*p + 5*j + 29 = 0. Let v be p/8 + (-9)/6. Let m(d) = 8*d - 6. Let u(g) = -7*g + 5. Let w(k) = -5*m(k) - 6*u(k). Give w(v).
-2
Let k(f) = -f**3 - f**2 - f - 1. Let a be k(0). Let t(i) = -5*i**2 + 1. Let n be t(a). Let j(b) = b**2 + 4*b + 5. Give j(n).
5
Let j(o) = -2*o + 3. Let h = 64 + -62. Calculate j(h).
-1
Let y(h) = -2*h**3 - 6*h - 2. Let l(t) = 4*t**3 - t**2 + 13*t + 4. Let b(p) = -2*l(p) - 5*y(p). Give b(-2).
-14
Let i(h) be the second derivative of -h**5/5 + h**4/6 + h**3/6 + h**2/2 + 20*h. Calculate i(2).
-21
Let l(c) = c**2 - 3*c + 3. Let m be 43/15 - 20/(-150). Determine l(m).
3
Let n be 1 + -2 - -7 - 0. Let c(f) = f**2 - 7*f + 1. Let g be c(n). Let w(r) = 1 - 5*r + 3 - 653*r**2 + 652*r**2. What is w(g)?
4
Let t(z) = -4*z + 2. Let c(k) = 5*k - 3. Let w = 6 + -3. Let g(b) = w*c(b) + 4*t(b). What is g(0)?
-1
Let u(c) be the third derivative of 0*c + 0 - 2*c**2 - 1/24*c**4 - 2/3*c**3. Calculate u(0).
-4
Let j = -1 - 0. Let m be (3/(-7))/((-3)/21). Let l(w) = -6*w**3 + 7 - 7 + w**m. Calculate l(j).
5
Let f(c) = -c**3 - 5*c**2 - 3*c - 1. Let s = 5 + -9. Give f(s).
-5
Let b(n) be the first derivative of n**2 + 4*n - 3. Let s(v) = -2*v**3 + 4*v**2 - v - 2. Let d be s(2). Calculate b(d).
-4
Let u(l) = 2*l - 6. Let k(z) = z - 1. Let q(y) = -k(y) + u(y). Let g be q(9). Let v(j) be the second derivative of -j**4/12 + j**3 - 5*j**2/2 - j. Give v(g).
3
Let t(q) = 5*q - 4*q**2 + 7*q**2 + 0*q**2 - 4*q**2 - 4. Determine t(4).
0
Let y(g) = -7*g. Let n be 12/(-15)*(-25)/(-10). What is y(n)?
14
Let y(l) = -l**2 - 4*l + 3. Let z = -87 - -83. Calculate y(z).
3
Let o(k) be the first derivative of -1/2*k**3 + 3/2*k**2 - 1/12*k**4 - 2 + 4*k. Let w(g) be the first derivative of o(g). Determine w(-5).
-7
Let n(l) = 5*l + 9. Let w(m) = m + 2. Let i(b) = -b - 1. Let a be i(-4). Let r = 5 - a. Let q(v) = r*n(v) - 11*w(v). Give q(4).
-8
Suppose -3*x = 2*x + 45. Let d(i) = i**3 + 8*i**2 - 9*i + 7. Give d(x).
7
Let b(w) = 10 - 4 + 2 + 4*w - 5*w. What is b(6)?
2
Suppose 0 = -h - 5*y + y - 17, 5*y = -5*h - 25. Let r(b) = 1 - 2 - 2*b**2 + 3*b**2. Give r(h).
0
Let i(g) = -3*g + 2. Suppose -2*s - 7 = -3*h - 1, -h = 2*s - 2. Give i(h).
-4
Let k be (-1)/3 - 110/(-15). Let z(w) = w - 5. Calculate z(k).
2
Let i(w) be the second derivative of 1/6*w**3 + 0 - 5/2*w**2 - 3*w. Give i(0).
-5
Let t = 11 + -8. Let r(q) = -q + 3. Let s(m) be the first derivative of m - 2. Let n(g) = t*s(g) - r(g). What is n(2)?
2
Let p(k) = -3*k**3 + k + 1. Let c(j) be the third derivative of j**6/120 - j**5/60 + j**4/24 + j**3/6 - j**2. Let q(b) = -c(b) + p(b). What is q(-1)?
5
Let a(z) = 2*z**2 + 6*z**2 - 2 - 11*z**2 + z - 2*z**3 - 2*z. Determine a(-2).
4
Let z(k) = 8*k - 6*k - 4 + 0. Let m be z(2). Let g(y) = -y - 15. Calculate g(m).
-15
Let y(d) be the second derivative of -d**5/20 + d**4/12 + d**3/6 - 3*d**2 + 60*d. Give y(0).
-6
Let u(b) = b**3 - 14*b**2 + 13*b - 6. Let q be u(13). Let w(d) be the third derivative of d**5/60 + 7*d**4/24 + 4*d**3/3 - 2*d**2. Give w(q).
2
Let w(d) = d + 1. Let y = 13 + -19. Determine w(y).
-5
Let g(m) be the second derivative of m**3/6 - 9*m**2/2 - m. Suppose 23*x - 20*x = 0. Give g(x).
-9
Let v(h) = h - 1. Let l(r) = r. Let x(b) = 5*l(b) - 4*v(b). Determine x(-2).
2
Let p(v) be the first derivative of -v**3/3 + 7*v**2/2 - 7*v + 4. What is p(5)?
3
Let f be -2 + 1/(-1)*1. Let g be (-14)/f - (-3)/9. Suppose -2*h = -g*h, 5 = -v + h. Let t(s) = -s**2 - 8*s - 4. Calculate t(v).
11
Suppose 3*a = -11 + 65. Suppose 5*b - 2*b - a = 0. Suppose -3*r + 3*q = 0, 0*r = -3*r + q - b. Let v(z) = z - 3. Determine v(r).
-6
Let x be (-45)/(-6) - 12/8. L